and 579.
579
Calculate the greatest common factor of 34001 and 4777.
281
Calculate the highest common divisor of 342 and 8398.
38
What is the greatest common divisor of 160 and 8440?
40
What is the highest common divisor of 496716 and 132?
132
What is the highest common divisor of 5116760 and 1160?
1160
What is the greatest common factor of 400 and 997?
1
What is the greatest common factor of 936 and 219600?
72
Calculate the greatest common divisor of 368 and 64496.
16
What is the highest common factor of 2118685 and 1977?
659
Calculate the greatest common divisor of 9063 and 72.
9
Calculate the greatest common divisor of 8567 and 117.
13
Calculate the highest common divisor of 117 and 9012.
3
What is the highest common factor of 279 and 161169?
93
What is the highest common divisor of 30702 and 18?
6
Calculate the greatest common divisor of 279 and 95.
1
Calculate the greatest common factor of 34556 and 978.
326
What is the greatest common factor of 171488 and 699?
233
What is the greatest common factor of 1313 and 80901?
101
Calculate the greatest common divisor of 709431 and 27.
3
What is the highest common factor of 12672 and 35424?
288
Calculate the highest common divisor of 13095 and 9215.
485
What is the highest common factor of 2047 and 9338?
23
What is the greatest common factor of 2312618 and 616?
154
Calculate the highest common factor of 110 and 3520.
110
Calculate the greatest common divisor of 4725 and 3591.
189
What is the greatest common factor of 244984 and 6554?
226
Calculate the greatest common factor of 42052452 and 26.
26
What is the highest common divisor of 368841 and 33?
33
What is the highest common divisor of 118300 and 1365?
455
Calculate the highest common divisor of 3 and 160299.
3
Calculate the highest common factor of 55 and 547888.
11
What is the highest common divisor of 112 and 439768?
56
Calculate the greatest common divisor of 27 and 4221.
9
What is the greatest common divisor of 6780 and 3300?
60
Calculate the highest common factor of 325 and 12545.
65
Calculate the greatest common divisor of 750645 and 315.
315
Calculate the greatest common divisor of 48 and 984080.
16
Calculate the highest common factor of 12684 and 210.
42
What is the highest common factor of 581 and 2407?
83
Calculate the highest common divisor of 280 and 642950.
70
Calculate the greatest common factor of 238286 and 1698.
566
Calculate the greatest common divisor of 16456 and 303688.
1496
Calculate the highest common factor of 289069 and 11.
11
What is the highest common divisor of 5002 and 118982?
82
What is the highest common divisor of 14495 and 1300?
65
What is the highest common factor of 17970 and 1920?
30
What is the highest common factor of 66401 and 69?
23
Calculate the greatest common factor of 13072 and 1892.
172
Calculate the greatest common divisor of 59636 and 952.
68
Calculate the greatest common factor of 95 and 38114.
19
What is the greatest common divisor of 28735 and 35?
35
Calculate the greatest common divisor of 121750 and 7500.
250
Calculate the highest common factor of 390 and 8895.
15
What is the highest common factor of 7287182 and 49?
49
What is the highest common divisor of 148887 and 7456?
233
What is the highest common factor of 50 and 3837450?
50
What is the highest common divisor of 24 and 42648?
24
What is the greatest common factor of 123722 and 2?
2
Calculate the greatest common factor of 299999 and 187.
17
What is the highest common factor of 103164 and 36?
12
Calculate the highest common factor of 31736 and 56.
8
What is the highest common divisor of 14011598 and 158?
158
What is the highest common factor of 3885 and 672?
21
What is the highest common factor of 961 and 3?
1
What is the greatest common divisor of 32642 and 76?
38
Calculate the highest common factor of 5320 and 5396.
76
Calculate the greatest common divisor of 101378 and 1172.
586
What is the greatest common factor of 2863 and 210?
7
Calculate the greatest common factor of 324285 and 390.
195
What is the highest common divisor of 1530 and 4907730?
510
Calculate the greatest common factor of 2580 and 2516790.
1290
Calculate the greatest common divisor of 41 and 731030.
41
What is the greatest common factor of 8177 and 5512?
13
Calculate the highest common divisor of 121 and 242968.
121
What is the highest common divisor of 3852717 and 2817?
939
What is the highest common divisor of 19812 and 1404?
156
Calculate the highest common factor of 38956 and 4.
4
Calculate the highest common factor of 416029 and 1623.
541
What is the highest common divisor of 83 and 771236?
83
Calculate the highest common factor of 28589 and 226.
113
Calculate the highest common factor of 455 and 103675.
65
What is the highest common divisor of 25641 and 819?
63
What is the highest common factor of 6795 and 1812?
453
What is the highest common factor of 561 and 596343?
561
What is the greatest common factor of 123084 and 132?
12
What is the greatest common factor of 9492 and 2268?
84
Calculate the greatest common factor of 2001 and 1886.
23
Calculate the greatest common factor of 341 and 3658.
31
Calculate the highest common factor of 3276 and 1548.
36
Calculate the greatest common divisor of 10 and 2723740.
10
Calculate the greatest common factor of 329939 and 129.
43
What is the highest common factor of 395 and 363005?
395
Calculate the greatest common divisor of 11098 and 11873.
31
What is the greatest common divisor of 1187420 and 80?
20
What is the highest common divisor of 255636 and 360?
36
Calculate the highest common factor of 1716 and 303468.
132
Calculate the highest common factor of 1023 and 55924.
341
Calculate the greatest common divisor of 86219 and 67907.
763
Calculate the greatest common factor of 122 and 3718.
2
Calculate the highest common divisor of 12129928 and 472.
472
Calculate the highest common factor of 66628 and 32.
4
What is the highest common divisor of 15334 and 552772?
374
Calculate the greatest common divisor of 27747 and 45.
9
Calculate the highest common divisor of 800 and 3936.
32
What is the highest common factor of 18 and 6714?
18
What is the highest common factor of 8 and 23032?
8
Calculate the greatest common divisor of 2160 and 33885.
135
What is the highest common divisor of 21393 and 660806?
2377
Calculate the greatest common factor of 30 and 17000.
10
Calculate the greatest common divisor of 1609704 and 849.
849
Calculate the greatest common factor of 14 and 171647.
7
Calculate the greatest common factor of 34 and 918391.
17
Calculate the highest common factor of 196 and 65366.
98
What is the highest common divisor of 11 and 115973?
11
What is the greatest common divisor of 16766 and 42622?
202
Calculate the highest common divisor of 704 and 1842112.
64
What is the highest common divisor of 1795 and 515?
5
Calculate the greatest common divisor of 71247 and 34.
17
What is the greatest common factor of 159401 and 55?
11
What is the highest common divisor of 22104 and 14688?
72
Calculate the highest common factor of 1070346 and 17138.
1558
Calculate the greatest common factor of 309654 and 54.
18
What is the greatest common factor of 32814 and 414?
18
What is the highest common divisor of 31 and 156829?
31
Calculate the greatest common divisor of 658 and 2534.
14
Calculate the highest common factor of 1111254 and 267.
267
What is the highest common divisor of 122 and 272365?
61
Calculate the highest common divisor of 15 and 2761380.
15
What is the greatest common factor of 4 and 913228?
4
What is the highest common divisor of 3665 and 80?
5
What is the highest common factor of 201874 and 4?
2
What is the greatest common divisor of 2832 and 93397?
59
Calculate the highest common divisor of 4875 and 222375.
375
Calculate the highest common factor of 270 and 1489374.
54
Calculate the greatest common factor of 199635 and 75.
15
What is the greatest common factor of 9937 and 2945?
19
Calculate the greatest common factor of 6584110 and 26.
26
Calculate the highest common divisor of 213025 and 25.
25
What is the highest common divisor of 612668 and 308?
28
Calculate the greatest common factor of 388390 and 20.
10
What is the highest common factor of 656198 and 332?
166
Calculate the highest common divisor of 116 and 8423572.
